2 - -2 - (4 + -1). Suppose 0 = x - r, 4*j = 2*x + 3*x + 39. Let v be 4/22 - (-966)/j. What is the highest common divisor of 8 and v?
8
Let t = 19 + -11. Let o = 13 - t. Calculate the greatest common divisor of 15 and o.
5
Let n(w) = w**2 - 14*w - 8. Let v be n(12). Let b = -18 - v. Calculate the highest common factor of 35 and b.
7
Let q be (-3 - -3) + 0 - -38. Let p = 25 - q. Let z = 19 + p. Calculate the greatest common factor of 15 and z.
3
Let c = 47 - 17. Let j be 3/9 - 37/3. Let u be (36/(-14))/(j/56). Calculate the greatest common factor of c and u.
6
Suppose 8*r - 4*r - 40 = 0. What is the highest common factor of r and 90?
10
Suppose -5*b + 75 + 78 = 3*a, 0 = 5*a - 2*b - 255. Calculate the highest common divisor of a and 17.
17
Let z = -8 + 15. Suppose -3*q + z*q = -4. Let j be 1 + q - (-3 - 4). What is the highest common factor of 7 and j?
7
Let p be (-16)/(-7) - 2 - 248/(-14). Calculate the greatest common factor of p and 108.
18
Suppose 0*g - 2*g = -4. Let m be (9/g)/((-3)/(-18)). Suppose -l = 4*u - 72, -u + 7 + 11 = -4*l. Calculate the highest common factor of u and m.
9
Suppose 639 = 4*z + v, 2*v - 4 = -z + 154. Calculate the highest common factor of 10 and z.
10
Suppose -5 = -x - 2. Calculate the greatest common factor of x and 15.
3
Let u be (-3)/2*(-8 - 0). Suppose 0*g + 2*o + 16 = g, -3*g = 2*o - 8. What is the greatest common factor of u and g?
6
Let i = 21 - 9. Suppose 3*k = -3*p + 18, 5*k - 29 = 5*p - 9. Let g be (0 - p/1) + 37. What is the greatest common divisor of g and i?
12
Suppose 3*r + 19 = 2*i, 5*i = 3*i + 5*r + 29. Suppose i*v = 3*v - 11. What is the highest common divisor of v and 11?
11
Let s(h) = 24*h**2 + 6*h + 14. Let u be s(-2). Calculate the greatest common factor of u and 49.
49
Suppose -2*m + 94 = -226. Suppose -x + 6*x = m. Suppose -5*k - 3*p = p - 28, 41 = 4*k - 3*p. Calculate the greatest common factor of x and k.
8
Let f(o) = -o - 2. Let v be f(-5). Suppose 2*w + 12 = -4*p + 40, v*w - 22 = -2*p. What is the greatest common divisor of 10 and p?
5
Let x(o) = o**3 + 5*o**2 - 4*o + 4. Let m be x(4). Calculate the highest common factor of 33 and m.
33
Let z(n) = -4 - 3*n - 2*n + 3*n + 0*n. Let r be z(-3). Suppose 0*m - r*m = -52. Calculate the highest common factor of m and 65.
13
Suppose 31 = -4*l + 5*l + 3*t, -4*l + 5*t = -73. Let v = 8 + l. Calculate the greatest common divisor of v and 45.
15
Let g(x) = -6*x + 43. Let p be g(7). Let o = 46 - 29. Let l = -10 + o. What is the greatest common factor of l and p?
1
Let t = -32 + 62. What is the highest common factor of 30 and t?
30
Let d = -7 + 6. Let u be 1*(0/(-1) + d). Let r be 0 + u + 3 + 6. Calculate the greatest common divisor of 64 and r.
8
Let k be (-1)/((-6)/(-12) - 14/20). Let z = 1 + 2. Let w(d) = d**2 - d + 4. Let g be w(z). Calculate the greatest common factor of k and g.
5
Let u(q) = -q + 12. Let o be u(9). Let h = -2 + o. Suppose -w + 1 + 0 = 0. Calculate the highest common divisor of h and w.
1
Let v(l) = -2*l - 16. Let j be v(-13). Let x be (-64)/(-6) - 6/9. What is the highest common divisor of j and x?
10
Suppose 7*a - 121 - 26 = 0. Calculate the highest common factor of a and 28.
7
Let x(c) = c**2 - 3*c - 2. Let w be x(3). Suppose -2*v + 12 = v. Let d be ((-2)/v)/(1/w). Calculate the greatest common divisor of d and 4.
1
Suppose -13 = -5*l + 12, 5*l + 380 = 3*y. Suppose -4*c + 45 = -0*o + 3*o, -3*o + 45 = -4*c. What is the greatest common divisor of y and o?
15
Let b be 2/(-8) - (-50)/8. Suppose u = -0*u - b. Let q(t) = -t**3 - 6*t**2 + 7. Let s be q(u). Calculate the greatest common divisor of 1 and s.
1
Let a be -2*(-3)/(-6) + 28. Calculate the greatest common factor of 18 and a.
9
Let u be 2/9 + 7120/36. Let o be -2*(-3)/9*u. What is the greatest common factor of 12 and o?
12
Let d(u) = -13*u - 9. Let w be d(-4). Calculate the greatest common divisor of 43 and w.
43
Let g(w) = -1 - 2*w - 3*w - 3 + w. Let t be g(-4). What is the greatest common factor of t and 12?
12
Let s be (44 + -4)*(63/4)/7. Calculate the highest common divisor of 20 and s.
10
Suppose -241 = -4*y + 5*j, -y + 265 = 3*y + 3*j. Calculate the greatest common divisor of 16 and y.
16
Let i be (27/(-6) + 4)*-2. What is the greatest common factor of i and 4?
1
Let c be ((-64)/(-40))/((-2)/(-5)). What is the highest common factor of 20 and c?
4
Suppose -3*d - 4*u = -91 + 8, -5*u - 86 = -2*d. Let a(r) = r**2 - 1. Let w be a(1). Let o = 3 + w. What is the highest common factor of d and o?
3
Let a be (26/(-10))/(5/(-25)). Calculate the highest common factor of a and 13.
13
Let u(k) be the first derivative of 13*k**3 + 3*k**2 + 2*k - 1. Let w be u(-4). Suppose 5*m - w + 17 = 0. Calculate the highest common factor of 13 and m.
13
Let z be (-947)/9 - (-2)/9. Let u = 210 + z. Suppose w - 20 = h, 4*w - w = h + 50. What is the greatest common divisor of u and w?
15
Suppose 5*q + 39 = 8*q. Let c be 1 + 3*(-142)/(-3). What is the highest common divisor of q and c?
13
Suppose 2*y - 36 = -4*j, -y - 2*j = -5*j - 33. Calculate the greatest common divisor of 132 and y.
12
Let a = 48 - 71. Let d = -12 - a. Calculate the greatest common factor of 11 and d.
11
Let s(t) = -2*t**3 - 7*t. Let r be s(5). Let x = -87 - r. Let w = -10 - -28. Calculate the greatest common factor of x and w.
18
Let k = 463 - 163. Calculate the greatest common divisor of k and 120.
60
Let n be 2/(-4) + (-284)/(-8). Calculate the greatest common factor of n and 7.
7
Let l = 3 - -2. Suppose -3*u + 20 = -4*v, l*v - 12 + 2 = -5*u. Suppose -z + u = -q, -3*z + 11 = -3*q + q. What is the highest common divisor of 6 and z?
3
Let w(p) = -p + 9. Let i be w(8). Let y be ((-2)/4)/(i/(-120)). What is the highest common divisor of 24 and y?
12
Let q(p) = -p**3 - p + 3. Let y be q(-3). Let s = -20 + y. What is the greatest common factor of 78 and s?
13
Let r be (-3 + (-39)/(-15))*-35. Calculate the greatest common divisor of r and 7.
7
Let b(t) = t**3 - 11*t**2 - 11*t - 9. Let v be b(12). Suppose v*d - 61 = 134. What is the highest common divisor of d and 26?
13
Suppose 7*k - 366 - 943 = 0. Calculate the highest common factor of 11 and k.
11
Suppose 3*u = 5 - 2. What is the highest common divisor of 5 and u?
1
Let y = -1 - -6. Let t be (-2 + 7)*4/y. Suppose -3*s - s = -t*u - 72, 4*s - 86 = -3*u. Calculate the greatest common divisor of s and 30.
10
Suppose -n = k + 3, -3*k = -4*n - 0*n - 26. Let f be -2 - -9*1 - k. Suppose 0 = f*q - 2*q - 36. What is the greatest common factor of q and 18?
6
Let n = 22 - 2. Suppose -6 + 30 = 3*x. Calculate the greatest common divisor of x and n.
4
Let n = 5 - 2. Suppose 12 = 4*g, 3*v - n*g = -3 - 0. Suppose -v*i + 55 = 3*i. What is the highest common factor of i and 1?
1
Let j = 10 + -2. Let g(s) = 2*s + 4. Let b be g(j). What is the highest common factor of b and 10?
10
Suppose 64 - 16 = 3*k. Calculate the greatest common factor of 4 and k.
4
Let u = 9 - -3. Suppose -3*z + 7*l + u = 4*l, -3*l + 12 = z. Suppose 4*h - 69 = -3*q, z*q = 3*q - h + 69. What is the highest common divisor of q and 115?
23
Suppose 5*r = 6*r - 5. Suppose -l - 1 - 11 = 4*a, 2*l + r*a + 12 = 0. What is the highest common factor of 12 and l?
4
Suppose -x = -4*x. Let c be -5*(-3 - -5 - 3). Suppose x = -3*r - 5*t + 19, r - 4 - 9 = c*t. What is the highest common divisor of r and 16?
8
Let d be 2/7 + 32/(-14). Let v be 0 - -2*(-1)/d. Let n(p) = p**2 + 19*p + 52. Let b be n(-16). Calculate the highest common divisor of v and b.
1
Let d = 0 + 5. Let f be (2 + d)*(0 - -2). Calculate the greatest common divisor of 126 and f.
14
Let g be (-7)/((-42)/(-20))*(-264)/5. Suppose 0*m - 65 = 5*m. Let f = 29 + m. Calculate the greatest common factor of g and f.
16
Let w(i) = 2*i**3 - 2*i**2 + i - 2. Let q be w(2). Suppose 0 = 8*t - 9*t + 48. Suppose 2*l = -2*l + t. What is the highest common factor of q and l?
4
Suppose 3*r + 72 = 5*r. Let y(x) = -13*x - 21. Let h be y(-3). What is the greatest common divisor of h and r?
18
Suppose -3*y = 5 - 20, 0 = -5*t + 4*y + 110. Calculate the greatest common factor of 26 and t.
26
Suppose -3*g - 777 = -4*q, 125 + 55 = q + 4*g. Calculate the highest common divisor of 12 and q.
12
Suppose -120 = 3*z - 450. Let x = 13 - 12. Suppose 9 = j - x. What is the greatest common factor of j and z?
10
Suppose 0 